- 5 - 2 = 0, -3*u + 5*v = 13. Calculate t(u).
-17
Let v(s) = 3 - 2*s - 9 + 3. Determine v(-2).
1
Let d(p) = 9 - 2*p + 4*p + 2 - 5. Calculate d(-4).
-2
Let k(a) = -3*a**3 + 3*a**2 - 5*a. Let h(m) = 7*m**3 - 5*m**2 + 10*m + 1. Suppose 0*v = 2*v + 4. Let j(c) = v*h(c) - 5*k(c). What is j(4)?
2
Suppose -5*k - 4*h + 2 = 0, k + 2 = 3*h + 10. Let j(r) = -2 - 4*r + 3 + 0. Give j(k).
-7
Suppose -5*p - 4*a = -16, -2*a - 2 + 12 = 3*p. Let w(b) = 6*b - 2*b - 4*b - p - 3*b. Determine w(-5).
11
Let m(v) = 10*v - 21. Let f(o) = -7*o + 14. Let k(s) = 7*f(s) + 5*m(s). Determine k(-6).
-13
Let n(z) = z**2 - 10*z - 1. Let a(d) = d**2 - 12*d - 2. Let w(u) = 4*a(u) - 5*n(u). Determine w(2).
-3
Let r(q) = 3*q**2 - 14*q + 13. Let g(x) = -x**2 + 5*x - 5. Let v(k) = 8*g(k) + 3*r(k). Give v(6).
23
Let t(m) be the first derivative of 4*m - 2*m**2 + 8 - 1/3*m**3. Let k = -9 + 5. Determine t(k).
4
Let g be (-2)/((-1)/(-2) + 0). Suppose 3 = -0*h + h. Let s(y) = -2*y + 2*y**h - y**3 + 0*y**3 + 3*y**2 + 5. What is s(g)?
-3
Let y(j) be the first derivative of -j**2 + 1/4*j**4 + 4*j + j**3 + 2. Determine y(-4).
-4
Let u(r) be the second derivative of r**4/4 + 5*r**3/6 + 6*r**2 - 5*r. Let s(n) = -5*n**2 - 7*n - 18. Let o(b) = 5*s(b) + 8*u(b). Calculate o(5).
6
Let p(k) be the first derivative of -3/2*k**2 + 1 + 1/4*k**4 - 5/3*k**3 - 8*k. What is p(6)?
10
Let p(x) = 2*x**3 - 3*x**3 - 54*x + 52*x - 5*x**2 + 1. What is p(-5)?
11
Let b(m) be the third derivative of m**5/120 + m**4/8 + m**3/6 - 3*m**2. Let i(l) be the first derivative of b(l). What is i(-5)?
-2
Let l be (5 - 5)*(-2)/4. Suppose -f - f = l. Let v(m) = -2 + m + m + f*m. Determine v(2).
2
Let g(q) = 0*q**2 - 3 - 3*q + 0 + 0 + q**2. Let i be g(4). Suppose -3*b = -3, 2*s = 4*s + 5*b - i. Let n(r) = 2*r**2 - 3*r - 3. Give n(s).
11
Let z(n) = n**3 - 2*n - 1. Let u be 14/3 + (-4)/6. Suppose 3*w + 2*r - 6*r = 17, -u*w - 29 = 5*r. Let c = 0 + w. Calculate z(c).
0
Let s(l) = 5*l**2 - l - 1. Let t(w) = 5*w**2 - 5*w**2 + 3*w**2 - 4*w**2. Let a(b) = b**2 - 6*b - 6. Let d be a(7). Let f(z) = d*s(z) + 4*t(z). Determine f(-3).
11
Let z(r) = r - 1. Let q be z(6). Let g(m) = q - 1 + 3*m**2 - 4*m - m**3 + m**2. Suppose -6 = -2*u - 0. Determine g(u).
1
Let a(v) be the second derivative of -v**3/2 + 2*v**2 - 21*v. Determine a(5).
-11
Let b(w) be the second derivative of w**4/12 - 2*w**3/3 - w**2/2 + 28*w. What is b(5)?
4
Let t be (2/(-6))/((-1)/15). Let w = t - 8. Let g(h) = -2*h - 8 + 1 + h. Give g(w).
-4
Let m = -3 + 7. Let d(y) = 1 - 1287*y**2 + y**3 + 1282*y**2 + 7*y - 6. What is d(m)?
7
Let o(n) be the first derivative of -n**2/2 - 1. Let l(s) = -s + 12. Let v be l(6). Calculate o(v).
-6
Suppose -f - 2*p = -6*f - 10, -5*p - 33 = 2*f. Let k be (-12)/(-2) - (f + 4). Suppose 0 = j - k*j + 15. Let r(n) = n**3 - 4*n**2 + 2*n + 4. Calculate r(j).
1
Let q(o) = -3 + 1 - 5*o + 11*o + o**3 + 8*o**2. Let p be q(-7). Let t(n) = -n + 6. Determine t(p).
1
Suppose -g + 3*q = 13, 4*g - 2*g = -3*q - 8. Let s(o) be the first derivative of -o**2 - 10*o + 1. Give s(g).
4
Let c(m) = -m - 3 + 1 - 2. Suppose -2*d + 12 = -5*d. Let a = d - -4. What is c(a)?
-4
Let r(m) = 6*m + 1. Suppose 3*d - 4*b + 8 = -0*d, -3*d + 2 = b. Suppose d = 4*p - 22 + 2. Suppose -5*u + p*c = -15, 5*c = -3*u - 7 - 16. Calculate r(u).
-5
Let n be 7/21 + 11/3. Let u(p) = 2*p - n*p - 1 + p**2 - p. Let g be 2*1*(1 - -1). Calculate u(g).
3
Let u(f) be the second derivative of f**5/20 + 5*f**4/12 - f**3/6 - f**2/2 - 6*f. What is u(-5)?
4
Let c(m) = -15*m**3 - 5*m**2 - m + 5. Let h(i) = 31*i**3 + 11*i**2 + 2*i - 11. Let w(t) = 13*c(t) + 6*h(t). Suppose -5*o + o = 4. Calculate w(o).
10
Let r(j) = -5*j + 2*j + 163 + 0*j - 161 + 2*j**2. Let u = -2 + 4. Give r(u).
4
Let p(o) = o - 4. Suppose -4*s = -13 - 7. Let k(i) = 2*i + 10. Let y(t) = -t - 9. Let d(g) = -2*k(g) - 3*y(g). Let l be d(s). Give p(l).
-2
Let t(o) = -4*o**2 - 28*o + 15. Let f(m) = m**2 + 9*m - 5. Let x(v) = -7*f(v) - 2*t(v). Suppose 0 = -6*c + 6 + 18. Give x(c).
-7
Suppose 0*n - 3*n + 10*n = 0. Let a(r) be the third derivative of r**5/60 + r**4/24 - 2*r**2. Calculate a(n).
0
Let v be 1 - (2 + -2 + 5). Let g be v - 2/(-2) - -5. Let q(i) = 0*i**3 + 2*i**2 + 1 + i**g - i**3. What is q(3)?
1
Let l(x) = x**2 + x - 4. Let u(m) = m**3 + 5*m**2 + 3*m - 8. Let d be u(-4). Calculate l(d).
8
Let l(n) = -n**3 - n**2. Let w be l(-2). Let g = 7 + -5. Let m(a) = -w + a**3 + 3 + a + 4*a**g + 3. What is m(-3)?
8
Let r(a) = -5*a**2. Suppose 2*j - 3*c = -6, -5*c + 10 = 2*j - 0*c. Suppose -2*v - 3*u - 4 = j, -v + 4*v - 2*u = 7. Calculate r(v).
-5
Suppose 3*s = -2*s - 3*l + 15, -20 = -3*s - 4*l. Let b(j) = -j**3 + j. Calculate b(s).
0
Let l(d) = d**2 + 5*d - 1. Let s(k) = k**2 + 6*k. Let t(i) = -3*l(i) + 2*s(i). Let x(r) = r + 8. Let j be x(-6). Determine t(j).
-7
Suppose -15 = n - 9. Let d(t) = -8*t**2 + 1 - t**3 - 9 + 2*t**2. What is d(n)?
-8
Suppose 5*n + 0 = -3*x + 26, 0 = -3*n + 2*x + 8. Let w(s) = n*s - 12*s - 2 - s**2 + 3*s. What is w(-5)?
-2
Let x be (2/(-4))/(1/(-2)). Let s(y) = 5*y - 2*y - 4*y + x + y**2. What is s(-2)?
7
Let l(d) be the second derivative of 0*d**3 + 0 - 1/6*d**4 - 1/20*d**5 - d**2 + 2*d. Calculate l(-3).
7
Let r(q) = -q**2 - 6*q + 7. Suppose 0 = -3*l + 18*l + 75. Give r(l).
12
Suppose 6*g - g + 35 = 0. Let f(o) = o**2 + 7*o + 1. Let m be f(g). Let r(j) = -6*j - 1 + 0*j + 0*j + j. Give r(m).
-6
Let a(u) = -u + 6. Let f(w) be the first derivative of -w**4/4 + 10*w**3/3 + 11*w**2/2 + 3*w + 3. Let i be f(11). What is a(i)?
3
Let y(a) = a + 1. Let j(n) = -n**2 - 9*n - 16. Let x be j(-7). Suppose -3*o + o = 0. Let g be 6/(-3) - (x + o). Calculate y(g).
1
Let p(i) = 2*i**2 + 4*i + 2. Let k be -5 + (-6 + 3)/(-1). Determine p(k).
2
Let o(y) = 4*y**3 + 2*y**2 - 4*y - 10. Let m(s) = -s**3 - s**2 + s + 1. Let w(p) = 5*m(p) + o(p). Let x be 2/(((-1)/(-2))/(-1)). Determine w(x).
7
Let d(u) = -4*u**2 + 3*u - 5. Let p(z) = 7*z**2 - 6*z + 9. Let s = -8 - -3. Let o(l) = s*d(l) - 3*p(l). Let h = -2 - -5. Give o(h).
-2
Let s(y) = 7*y - 4. Let h be s(1). Let g(n) = 5*n**2 - 7*n + 6. Let k(f) = -f + 1 + 0*f - f**2 + 2*f**2. Let t(r) = -g(r) + 4*k(r). Determine t(h).
-2
Let l = 160 - 157. Let t(r) = 5*r**3 - 6*r**2 + 3*r - 7. Let w(k) = -6*k**3 + 7*k**2 - 4*k + 8. Let u(f) = -5*t(f) - 4*w(f). What is u(l)?
-3
Let a(g) = -2*g**2 - g - 1. Let b be a(-1). Let c(r) = -40*r - 2 + 8*r + 17*r + 8*r. Give c(b).
12
Let h(q) = -27*q**2 + 4. Let f(b) = -18*b**2 + 3. Let r(y) = 7*f(y) - 5*h(y). Suppose 2*k = -2 + 6. Let c = -1 + k. What is r(c)?
10
Let x be 9/(-27)*-3 + (-5)/1. Let s(p) = -p**3 - 4*p**2 - 4*p - 3. What is s(x)?
13
Suppose 11 = 5*u + o, -5*o = -2*u - 9 + 35. Let z be 2/u*(-1 - 8). Let g(b) be the first derivative of b**3/3 + 3*b**2 - 6*b + 1. Calculate g(z).
-6
Suppose 0 = -o + 3. Suppose -3 = -o*z + g - 7, -4*g = 4*z. Let y(p) be the first derivative of -3*p**4/4 - p**3/3 - p**2 - p - 1. Calculate y(z).
3
Let f(i) = -i**3 - 6*i**2 - 6*i - 5. Let j be f(-5). Let d(l) = j*l - l - 2*l. Let h(r) = -r**3 - 7*r**2 + 2*r + 11. Let z be h(-7). Determine d(z).
9
Let d = -3 - -7. Suppose d*u - 3 = -3*p, 5*u = -0*u - 3*p. Let y(l) = l**2 + 2*l + 3. Give y(u).
6
Let m be (6 + 3)*1/(-3). Let w = 2 - m. Let j(b) be the second derivative of b**5/20 - b**4/2 + 7*b**3/6 + b**2 - 8*b. Determine j(w).
12
Let a be (-2)/6 - 24/9. Let h(v) = v**2 + 5*v + 4. What is h(a)?
-2
Suppose -t + 6 - 2 = 0. Let x(p) = 4*p**3 + 4*p**3 - 5*p**3 - t*p**3 - 3*p**2 + 4*p. What is x(-4)?
0
Let z(n) = -n**2 - 4*n - 2. Let c be (-20)/12 + (-2)/6. Let f be -10*(9/(-6) - c). What is z(f)?
-7
Suppose -2*m - 2 + 12 = 0. Let d(s) = -s + 7. What is d(m)?
2
Suppose -2*j = -7*j. Let p(z) = 1 - z - 3 + j - 1. Determine p(-4).
1
Let d(k) = -k**2 + 5*k + 4. Let a be d(6). Let n(g) be the first derivative of 2 + 3*g + 5/2*g**2. Calculate n(a).
-7
Let j(k) = -3*k + 0*k + 3*k + 1 + k. Calculate j(-5).
-4
Let m(w) = -2*w - 5. Suppose -4*j = -12 + 4. Let z = j + -8. Let u = -10 - z. Give m(u).
3
Let d = -15 - -10. Let l(z) = -z**3 - 4*z**2 + 5*z + 3. What is l(d)?
3
Let z(y) = 4*y**3 + 7*y**2 - 4. Let n(b) = 3*b**3 + 7*b**2 - 4. Let q(t) = 3*n(t) - 2*z(t). Give q(-7).
-4
Let v = 0 - -5. Let w(d) = d**2 - 6*d + 3. Determine w(v).
-2
Suppose 4*c = 8*c - 8. Let u(b) be the third derivative o